5*s + 96 = -f. Suppose -5*c = -34 - 16. What is the highest common divisor of c and s?
10
Suppose -1 = -5*j + w, -j + 4 + 1 = w. Suppose -2*s + 2*g + j = -s, 5*g - 25 = -3*s. Suppose -2*k - k = -45. What is the greatest common factor of k and s?
5
Let k(w) = -w**2 - 7*w + 6. Let b be k(-8). Let z = 0 - b. Suppose -17 = -z*i - 3. What is the greatest common divisor of i and 63?
7
Let k be 16 + -8 - (0 - -2). Suppose -k = -4*p + 2. Calculate the greatest common divisor of 3 and p.
1
Suppose -2*l = -4*l. Suppose k = -l*k + 10. Calculate the greatest common factor of k and 40.
10
Let d(u) = 6*u**2 + 2*u - 5. Let c be d(-5). Calculate the greatest common divisor of c and 15.
15
Suppose 0 = 3*z - 4*t - 1, -2*z + 4*t + t = 4. Let k be 1 + (429*1)/z. What is the greatest common factor of k and 16?
16
Suppose 2*m + 2*a = 188, a + 43 = m - 61. Let j = 18 + -7. What is the highest common divisor of j and m?
11
Suppose 0 = 5*l - 46 - 39. What is the highest common divisor of l and 68?
17
Suppose 21*a = 26*a - 40. Calculate the greatest common divisor of a and 56.
8
Let r = 88 - 62. Suppose d - r + 10 = 0. Let j = -95 + 135. Calculate the greatest common factor of d and j.
8
Let f(o) = -o + 12. Let x be f(6). Suppose 3*a - x*a = 12. Let l be (-2)/(-8) + (-351)/a. Calculate the highest common factor of 8 and l.
8
Let g(j) be the first derivative of -j**4/4 + 7*j**3/3 + 5*j**2 - 8*j + 4. Let v be g(8). What is the highest common factor of 88 and v?
8
Let j(a) = 15*a**2 + 3*a. Let x be j(-2). Suppose -4*p = -2*d + 68, -p - 2*p + 3*d - x = 0. Let v = 2 - p. What is the highest common divisor of 45 and v?
9
Suppose -4*n = -295 + 115. Let r be (-16)/(-6)*(-540)/(-48). What is the greatest common factor of n and r?
15
Let r(i) = 7*i**2 - i + 1. Let x be r(1). Suppose 0 = -s + x + 13. Suppose 6 + 10 = 4*d. What is the greatest common factor of d and s?
4
Suppose 3*q + 5*y - 50 = 0, 2*y = -3*q + 7*q - 32. Calculate the highest common factor of q and 80.
10
Suppose l + 5*y - 144 = -3*l, 0 = 4*l + y - 144. Suppose 2 + 3 = n. Let q be ((-24)/(-5))/(1/n). Calculate the greatest common factor of q and l.
12
Let j = 11 - 5. Suppose -9*i + 10*i = 66. What is the greatest common divisor of i and j?
6
Let r be 7*(-1)/(-1)*2. Let a = -10 + r. Suppose a*o = -52 + 180. What is the greatest common factor of o and 8?
8
Suppose -5*q - 10 = 10, -5*q + 115 = 3*d. What is the greatest common factor of 9 and d?
9
Suppose 2*s = g, s + 6 = -g + 3. Let b be s*(-13 + (2 - 1)). Suppose 4*m = 2*y + 2 - 6, 5*y = -3*m + 49. What is the greatest common divisor of y and b?
4
Suppose 0 = v - 5*g + 1, 3*v = 5*g - g - 25. Let f = 19 + v. What is the highest common factor of 32 and f?
8
Suppose 5*d = 15, -3*k - k + 18 = -2*d. What is the highest common divisor of 6 and k?
6
Let u be (0 + 10)/(22/132). Calculate the highest common divisor of u and 12.
12
Suppose 5*l = -2*v + 14 + 237, 3*v + 138 = 3*l. Calculate the greatest common divisor of l and 7.
7
Let n = 18 + -13. Let s be 1*(-2 + (n - 0)). Suppose 5*q - 2 = 3*q + 3*g, 0 = 5*q - s*g - 5. What is the greatest common factor of q and 5?
1
Let s be ((-4)/(-12))/(1/12). Suppose i = -s*r + 3*r + 14, 4*i + 2*r - 48 = 0. What is the greatest common divisor of i and 90?
10
Let k(f) = -f**2 + 9*f - 3. Let q be 3/15 + (-34)/(-5). Let h be k(q). What is the greatest common divisor of 11 and h?
11
Let m be -1 - -2 - (-7 + 5 - 57). Calculate the highest common divisor of m and 15.
15
Suppose -3*b - 108 = -12*b. What is the greatest common divisor of 8 and b?
4
Let b = -29 + 48. Suppose -h - 6*h = -133. What is the greatest common factor of h and b?
19
Suppose -4*w + w + 2 = 4*q, -6 = w + 3*q. What is the greatest common divisor of 6 and w?
6
Let y be (-29)/(-2) - 4/(-8). What is the greatest common divisor of y and 105?
15
Let p(m) = m + 6. Let q be p(-8). Let r = 10 - q. What is the highest common factor of 8 and r?
4
Let l = -58 + 94. Let y be (4/(-3))/((-4)/l). What is the highest common divisor of 96 and y?
12
Let i be 10/20 - 1722/4. Let f be i/(-8) - (-7)/28. Calculate the highest common factor of 18 and f.
18
Let h be 543/18 + 7/(-42). What is the greatest common divisor of 210 and h?
30
Let r(a) = -84*a**3 - a**2 + 1. Let g be r(-1). Calculate the greatest common divisor of g and 21.
21
Let i be 12/2 - (1 - 0). Suppose i*s - s = 48. Let p be (-236)/(-30) + (-52)/60 + 1. Calculate the greatest common factor of s and p.
4
Suppose 0 = -h - 1 + 4. Let m = 5 - h. Suppose -4*g + 81 = -u, m*g - u - 60 = -g. What is the highest common divisor of g and 42?
21
Let t be ((-4)/(-3))/((8/42)/2). Calculate the highest common factor of t and 70.
14
Suppose 0 = 5*s - 41 - 24. Suppose -5*b + s = 3*o, -2*b + 3*o = b - 27. Calculate the greatest common divisor of b and 20.
5
Let g(m) = -m**3 - 7*m**2 - 2*m - 9. Let j be g(-7). Suppose p - 3 = j. What is the greatest common divisor of p and 8?
8
Let h = 16 - 16. Suppose 4*o - o = 3*k + 48, -3*o + 5*k + 44 = h. Calculate the greatest common factor of o and 6.
6
Let d(l) = 8*l - 5. Let c be d(2). What is the highest common divisor of c and 88?
11
Let d(c) = 2*c + 28. Let h be d(-5). Calculate the highest common divisor of h and 108.
18
Suppose -3*m + 3*q = -27, 0 = -4*m - q + 15 + 1. Calculate the greatest common factor of 45 and m.
5
Suppose y - 9*y + 864 = 0. Calculate the highest common factor of 12 and y.
12
Let q(g) = 121*g - 1. Let w be q(1). Calculate the highest common factor of 15 and w.
15
Let f(a) = 2*a**3 + a**2 + 2*a - 4. Suppose 20 = 6*c - c. Let u be f(c). Suppose u = 3*x + 49. Calculate the highest common divisor of x and 22.
11
Let g = -6 - -7. Suppose -2 = b - 2*v, 0*v - 2*v = 5*b - 14. What is the greatest common factor of b and g?
1
Let q = 43 - 30. Let o = q - 8. What is the highest common factor of 5 and o?
5
Let p(w) = -15*w**3 - 5*w**2 - 2*w + 2. Let v be p(-1). What is the highest common divisor of 35 and v?
7
Let x(h) = -h**3 - 7*h**2 - 7*h. Let l be x(-6). What is the greatest common divisor of l and 48?
6
Let b be 616/33 - 4/6. Calculate the highest common factor of b and 36.
18
Let s be (-35 + 0)*224/(-70). What is the highest common factor of 16 and s?
16
Let q be 7*(-11)/(-1)*1. Calculate the greatest common divisor of q and 22.
11
Let j = 266 + -147. Let m be ((-30 - 4)*1)/(-1 + -1). What is the highest common factor of m and j?
17
Let w = -2 + 4. Suppose 0 = 4*y - w*y - 6. What is the highest common divisor of y and 3?
3
Suppose 0 = 5*c - 1 - 4. What is the greatest common divisor of 2 and c?
1
Let r(i) = i**2 - 2*i. Let z be r(-7). What is the highest common factor of 9 and z?
9
Suppose 4 = -2*x - 0, -3*c - 4*x + 1 = 0. Let y = 3 - c. Let h be (22 - y)*(-18)/(-4). Calculate the highest common divisor of 11 and h.
11
Suppose 6*x - x = 90. Calculate the highest common divisor of x and 9.
9
Suppose 3*n - q + 5*q = 19, -4*q = -4. Let v = 0 + n. Let l = 23 - v. What is the highest common factor of 9 and l?
9
Let i(a) = -a + 9. Let f = -9 + 16. Let r be i(f). Suppose 6 - 32 = -r*l. Calculate the greatest common divisor of l and 104.
13
Suppose -3*o = -9, 5*g - 33 - 75 = 4*o. What is the greatest common factor of g and 216?
24
Let g be 2/3*(-12)/(-2). What is the greatest common divisor of 44 and g?
4
Let z(u) = u - 18. Let p be z(0). Let b = p + 33. Suppose -4*g + 68 = -f - f, g + 5*f = -5. Calculate the highest common divisor of g and b.
15
Suppose 3*i - 4*i = -825. Suppose -9*k = -4*k - i. Calculate the greatest common divisor of 15 and k.
15
Suppose 0*l = 5*l + 1155. Let g = -78 - l. Calculate the greatest common divisor of 17 and g.
17
Suppose 0 = 5*c - 10, -2*x + c + 97 = x. Calculate the highest common factor of x and 11.
11
Let r be 3/12 + 74/(-8). Let m be -21*r/(-21)*-10. What is the highest common divisor of 30 and m?
30
Let a(t) = 79*t**3 + 2*t**2 - t. Let s(g) = 2*g**3 - 2*g**2 + 2*g - 1. Let u be s(1). Let k be a(u). Calculate the greatest common divisor of 20 and k.
20
Let z(w) = 12*w**2 - w**2 + 0*w + 0 - w - 4. Let u be z(-2). Calculate the greatest common factor of 105 and u.
21
Suppose -17*i + 166 = -15*i. Let y be (-21)/(-4) - 3/12. Suppose 0 = 5*r + 3*p - i, p - 27 = -y*r + 64. What is the greatest common divisor of r and 95?
19
Suppose o = 2*z - 23, 4*z + 3*o = o + 5